 be 126/((2*-1)/2). Let h be 2 + (-9)/9*(-12)/(-2). What is the units digit of t/(-10) + h/(-10)?
3
Let j(o) = -13*o + 16*o**2 + 6 + 2*o - 14*o**2. What is the units digit of j(9)?
9
Let f = 32 - 23. Suppose -2*j + f = -y, -3*j = -0*j - 3*y - 21. Suppose -j*d + 58 = a, 0*d = -5*d + 5*a + 175. What is the units digit of d?
1
Suppose 29 = 5*z + 9. Let i = -282 + 486. Suppose -4*r + 2*r - 3*t = -124, z*r = 5*t + i. What is the tens digit of r?
5
What is the hundreds digit of (-10 + -2093 + -6)/(-3)?
7
Suppose 5*l - 7*x = 10947, 5*l - 3*x = 8*l - 6561. What is the tens digit of l?
8
Let s(b) = 293*b**2 + 170*b - 1. What is the tens digit of s(-5)?
7
Let t = -9 - -11. Suppose 9*r - 10*r = -t. Suppose 15 = 3*p - r*p. What is the tens digit of p?
1
What is the thousands digit of 3 - 6/(42/(-9107))?
1
Suppose 2*q - 220 = 358. What is the tens digit of q?
8
Let f be (-96)/(-64) - (-6)/4. Suppose -y = -0*y - f*x - 162, y = x + 170. What is the units digit of y?
4
Let t be 244/6 + 14/(-21). Suppose -29*p + 33*p = t. What is the units digit of p?
0
Suppose -4*a = -24*a + 43300. What is the tens digit of a?
6
What is the hundreds digit of 6640/(-50)*(-50)/4 + 0?
6
Let m = -20 - 30. Let j = 70 + m. Suppose 0 = 4*v + a - 136, 0 = -a + 6*a - j. What is the units digit of v?
3
Suppose -6 = l - 4*l. Let n be ((-2)/6)/(l/6). What is the units digit of ((-3)/(-9) + n)*-33?
2
Suppose -3661 = -2*z - x, -3*z + 3253 = 4*x - 2236. What is the hundreds digit of z?
8
Let a(h) = 9*h**2 - 3 - 2 + 1 + 0 + 4*h. Let y be ((-20)/(-25))/(2/5). What is the tens digit of a(y)?
4
Suppose 0 = -7*q + 3*q. Suppose 22 = 4*d + 5*s - 79, 5*d - s - 90 = 0. Let g = d - q. What is the units digit of g?
9
Suppose 0 = 3*l + 2*c - 68, 0 = 4*l + c - 127 + 33. What is the tens digit of 1/(3 + l/(-9)) - -288?
9
Suppose -d - 2*i - 28 = 3*d, d + 17 = -3*i. Let y = 25 - d. What is the units digit of y?
0
Let s(d) = 4*d**2 + 19*d + 77. Let m(n) be the first derivative of -n**3/3 - 5*n**2/2 - 19*n + 3. Let z(g) = -9*m(g) - 2*s(g). What is the units digit of z(-7)?
7
Let u be (0 - 1)*-1 - -1. Suppose u*l - 170 = 232. Suppose 2*o - 148 + 55 = -5*p, -5*p - l = -4*o. What is the tens digit of o?
4
What is the tens digit of ((-3 - -7) + -1)*(774 - 9)?
9
Suppose 1 - 21 = 5*l. What is the units digit of l/(-10) - 894/(-15)?
0
Let f = -2 + 5. Suppose f*u - 12 = 6. What is the tens digit of 104/u + (-2)/6?
1
Suppose -y + 131 = -43. Let x(q) = q**3 - 9*q**2 - 9*q - 10. Let u be x(10). Suppose -n - p - p + 42 = u, -2*p - y = -5*n. What is the tens digit of n?
3
Suppose 7*b - 4049 = -1172. What is the hundreds digit of b?
4
Let u(f) = 165*f**2 - 101*f - 200. What is the units digit of u(-2)?
2
Suppose w + 28 = -3*w. Let l = w + 8. Let s = 6 + l. What is the units digit of s?
7
Let l(c) be the first derivative of c**2 - 6*c + 5. Let t be l(3). Let g = 2 + t. What is the units digit of g?
2
Let i be (28/(-10))/(1/((-10)/4)). Suppose 2*p - i*p + 740 = 0. What is the units digit of p?
8
Let r(b) = 53*b - 25. Let m be r(3). Let h = 321 - m. What is the tens digit of h?
8
Let g(v) be the first derivative of -v**4 - v**3 + v**2/2 + 3*v + 6. What is the tens digit of g(-3)?
8
Suppose -6*m + 4229 = -3*m - 4*o, -3*m = 5*o - 4238. What is the units digit of m?
1
Let l = -73 + 110. Suppose 190 = 5*t - 5*v, -t + l = 3*v - 5*v. Suppose 2*h + 5*u - 33 = 0, 0*h + t = 3*h + 4*u. What is the units digit of h?
9
Suppose -o + 3132 = 2*o. What is the hundreds digit of o?
0
Let o(y) = 2*y**2 - 5*y + 5. Let k be o(3). Suppose -9*p = -k*p - 174. What is the tens digit of p?
7
Suppose 0 = 2*r + 3*f - 7, 2*r - 2*f + 8 = 5*r. Suppose -r*l - 71 = 21. Let g = l + 87. What is the units digit of g?
1
Let f be (-16)/4*1 - -62. Let x = f + -28. Suppose 8*h - 10*h = -x. What is the tens digit of h?
1
Let x = 7 + -4. Suppose -2*m + 268 = 3*n, 4*n = -x*m - n + 401. What is the units digit of m?
7
Suppose 2*v - 2*o = 108, -6*v = -v + 4*o - 288. What is the units digit of 7352/v + 4/(-14)?
1
Suppose 4*z + q = -1317, z = -3*z + 3*q - 1329. Let x = 529 + z. What is the hundreds digit of x?
1
Let h be (-3123)/(-6) + 1/(-2). Let v be -3 - -7*(-5 + 9 - 3). What is the units digit of v/(-5)*h/(-16)?
6
Suppose 6 = c - 0*r + r, r - 10 = -2*c. Suppose -5*y + 96 = -c*x, 0 = 5*y - 3*x + x - 88. What is the units digit of (2 + y/(-12))*12?
8
Let c be (6/4 - 1)*36. Suppose -5*j + c = 3. Suppose -26 = -j*s + 70. What is the units digit of s?
2
Let b be -3 - ((4 - 2) + -7). Suppose s - 5*z = 12 + 173, b*s + z = 403. What is the units digit of s?
0
Suppose 0 = 2*x - 3 - 5. Suppose 25 = p + x*p. Suppose p*t - 4*v = -10 - 0, 0 = 2*t + 3*v - 19. What is the units digit of t?
2
Let z(g) = g**2 - 4*g + 5. Let y be z(3). What is the units digit of y/(50/(-55) + 1)?
2
Let t(y) = -403*y + 47. What is the units digit of t(-8)?
1
Let w = 4756 + -2388. What is the tens digit of w?
6
Suppose 41 = -6*s - 19. Let f(n) = n**2 + n - 1. Let p be f(3). Let y = p - s. What is the tens digit of y?
2
Let l = 170 + 140. What is the units digit of l?
0
Let x be 7/3 + (-2)/6. Suppose 0 = -x*v + v. Suppose v = 26*n - 24*n - 66. What is the tens digit of n?
3
Let q(v) = -3*v - 19. Let k be q(-6). Let f be 232/k*2/4. What is the units digit of f/(-6) + (-2)/(-3)?
0
Let h = -5 + 9. Suppose -2*q = -3 + 7, -2*r + h*q = 40. What is the tens digit of (r/14)/((-6)/42)?
1
Let x be (-20)/(-6) - 4/12. Suppose -6 - x = -3*r. What is the tens digit of 2/(r - 58/20)?
2
Let y = 1236 + -819. What is the hundreds digit of y?
4
Let h(t) = 8*t + 6*t + 1 - 25*t**2 - 16*t. Let d be h(1). Let j = d + 61. What is the tens digit of j?
3
Let t = -455 + 683. Suppose -18 = 2*o - t. What is the units digit of o?
5
Suppose -3*s = -2*x - 12, s + 3*x + 5 = -s. What is the tens digit of (2/(-5) - 717/(-30))*s?
4
Let s = -21 - -25. Suppose -5*d = 25, s*a + 3*d - 22 = 5*d. Suppose a*r - 8 - 16 = -x, -x = -4*r + 25. What is the units digit of r?
7
Let k(d) = -d**3 + 5*d**2 - 4*d + 3. Let n be k(4). Suppose -5*l + 2*s = -s - 320, -4*l = -n*s - 259. What is the units digit of l?
1
Suppose 12 = f + 2*f. Suppose 0 = -5*l - 10, f*l + 35 = s. What is the tens digit of s?
2
Suppose 4*k - s = 12, 4*k = 2*s + 7 + 9. Let q be k/7 - 6061/(-77). Suppose -2*z = -q - 33. What is the tens digit of z?
5
Let u(c) = c**2 + 0 + c - c - 1 + c**3. Let x(j) = 3*j**3 + 6*j**2 + 5*j + 7. Let q(p) = 2*u(p) - x(p). What is the tens digit of q(-5)?
4
Let x(q) = q**2 - 7*q - 3. Let w = -47 - -58. What is the tens digit of x(w)?
4
What is the tens digit of (371/(-4))/(7/(-28))?
7
Let g be (2/1)/(-2)*99. Let a = g + 163. What is the units digit of a?
4
Let l(g) = -g**2 + 6*g + 9. Let h be l(7). Let p = -8 + 12. Suppose h*i + 12 = p*i. What is the units digit of i?
6
What is the tens digit of (-64)/24*5448/(-16)?
0
Let p be ((-81)/54)/((-2)/12). Let i(c) = -c**2 + 17*c - 24. What is the units digit of i(p)?
8
Suppose 28*r = -4*g + 30*r + 2262, -2*g = -4*r - 1146. What is the units digit of g?
3
Let a(g) = 6*g**2 + g - 16. Let p be a(10). Suppose 3*d = 3*f + p, -5*d + 999 = -0*d + 4*f. What is the tens digit of d?
9
Suppose -4*v = -u + 2*u + 501, -2*u + 114 = -v. Let h = -75 - v. What is the units digit of h?
9
Let q = 7 - 2. Let t = -5 + q. Let b = t + 17. What is the units digit of b?
7
Suppose -5*t + 4955 = -4960. What is the thousands digit of t?
1
Suppose 3*w - w - 88 = 0. Suppose 5*u - u = w. Suppose 0 = 3*i + 3*j - 102, -4*i + 4*j - u = -155. What is the units digit of i?
5
Let c = 1659 + -753. What is the tens digit of c?
0
Let k be (-12)/(-18) - 32/(-6). Suppose 3*l - k*l = -90. What is the tens digit of l?
3
Let w = 1734 + -722. What is the units digit of w?
2
Suppose -v - v = -122. Suppose v = 2*g + 3. What is the units digit of g?
9
Suppose 0*x = -4*x + 16. Suppose x*j + 19 = 2*y + 3*j, 3*j - 13 = -4*y. What is the units digit of y?
7
Suppose 87 = 6*g - 3*g - 2*l, -3*g + 4*l = -93. What is the tens digit of ((-132)/(-2))/(18/g)?
9
Let h(i) be the second derivative of i**4/6 + i**3/6 + i**2/2 + i. Let w be h(-1). Suppose -3*t + 35 = 4*q, w*q + 98 = 4*t + 22. What is the tens digit of t?
1
Suppose 3*a - 101 - 171 = -2*x, -x - 5 = 0. What is the tens digit of a?
9
Suppose 4 = -3*b + 4*b, 3*a - 2*b - 7 = 0. Suppose 32 = a*m - 8. Let k = m - 